Let n(l) = -l**2 - 61*l + 2. Let u be n(0). Determine i(u).
28
Let v(x) = -x**2 - 8*x - 11. Let h(c) be the second derivative of c**4/12 + 4*c**3/3 + 9*c**2/2 - 319*c. Let a(f) = -3*h(f) - 4*v(f). Determine a(-7).
10
Let k(m) = 6*m - 52 - m**3 - m**2 + 154 - 43 - 75. Give k(0).
-16
Suppose -10 = 3*m - 8*m. Let n(p) = -14*p**2 + 15*p**2 + 6*p**m - p**3. Let s = -7688 + 7695. Determine n(s).
0
Let m(n) = 67*n**3 + 45*n**2 + 77*n - 35. Let u(a) = 42*a**3 + 30*a**2 + 51*a - 23. Let t(i) = -5*m(i) + 8*u(i). Calculate t(-13).
30
Let n be 4/10 + (-3)/(45/66). Let a(p) = -3*p**2 + 12*p - 15. Let w(x) = -x**2 - 1. Let d(o) = n*w(o) + a(o). What is d(-12)?
-11
Let s(j) = j**2 + 45*j + 499. Let d be s(-21). Let o(p) be the second derivative of p**5/20 + 5*p**4/12 + 7*p**3/6 + p**2 + p. Determine o(d).
-33
Let d(a) = -7*a**2 - 15643*a + 15632*a - 6 + 3*a**2. Give d(-5).
-51
Suppose 0 = 8*h - 3*h - 4*p - 20, -4 = -h + p. Let c(w) = 12*w**2 + 6*w + 3. Let n(q) = -10*q**2 - 6*q - 2. Let g(a) = h*c(a) + 5*n(a). Give g(-5).
-18
Let s(k) = 10*k + 16*k + 21*k + 37 + k**2 - 67*k. Give s(18).
1
Let p(n) = -7*n**2 - 7*n + 5. Let b(l) = 21*l**2 - 2*l - 7*l + 5 - 9*l**2 - 17*l**2 + l. Let i(z) = 3*b(z) - 2*p(z). What is i(-11)?
-6
Let f = -702 - -702. Let r(j) = -3378*j**2 - 13 + 3379*j**2 - j + j**3 + 2*j. Calculate r(f).
-13
Let k(b) = 4*b**2 - 10*b - 5. Let l(p) = -9*p**2 + 21*p + 10. Let g = -5 + 12. Let i(u) = g*k(u) + 3*l(u). Suppose 565*a - 703*a + 1104 = 0. Calculate i(a).
3
Let l be 2/(((-3)/9)/((-3)/6)). Let m be -1 - (0/(1 + 2) - l). Suppose 0*n + 16 = -m*n - 3*i, -i = 2. Let u(p) = -p**2 - 7*p - 2. What is u(n)?
8
Let o(i) = 10*i - 41. Let u(q) = -9*q + 42. Suppose 90 = -10*c + 40. Let h(b) = c*o(b) - 6*u(b). What is h(11)?
-3
Let y = 284 - 248. Suppose y*j - 38*j = 16. Let v(c) = -3*c - 10. Determine v(j).
14
Let x(o) = -11 + 5 - o**2 + 6 + 10*o**3. Let l be (-7 + 6)*(-3 + (-2 - 0)). Suppose -11 = -y + 2*p, 2*p + 0 = -l*y - 5. What is x(y)?
9
Let l(z) be the first derivative of -z**2 - 1. Let n be -5 - -8 - 1/1. Suppose -2*t = 4*d + 12, 4*d - n = -22. Determine l(t).
-8
Let a = 326 - 192. Suppose 0 = -a*i + 128*i. Let y(n) = n**3 + n**2 + 25. What is y(i)?
25
Let g(r) = -r**2 + 2*r + 17. Suppose 85 = 15*z - 155. Suppose -25 = z*s - 21*s. What is g(s)?
2
Let u(l) = l**2 + 6*l + 2. Let w(n) = n**2 + 6*n + 1. Let t(d) = 3*u(d) - 2*w(d). Suppose -22 - 28 = -5*p. Let y be p*((-14)/(-4) - 4). What is t(y)?
-1
Suppose 210 = 3*f - 73*f. Let k(x) = -3*x**3 - 7*x**2 + 3*x - 2. Give k(f).
7
Suppose -24*o + 983 = 40*o + 279. Let r(d) = d - 11. Determine r(o).
0
Let z(b) be the first derivative of -32*b**3/3 - 2*b**2 - 4*b - 920. Calculate z(-1).
-32
Let g(z) = 5*z - 6. Let t(w) = 2*w**3 + 110*w**2 + 211*w - 50. Let c be t(-53). Give g(c).
9
Let y be 0/(1/(8/(-48))). Suppose y = 3*l - 7*s + 11*s + 52, -2*l + 5*s = 4. Let k(x) = -x**3 - 12*x**2 + x + 15. Give k(l).
3
Let x(w) = -2*w**2 + 4*w**2 + 14117 - 14169 - 13*w. Calculate x(-3).
5
Suppose 144*u - 2122 - 1910 = 0. Let n(c) = -11*c + 307. Determine n(u).
-1
Let t be (-80)/10*(-33)/(-44). Let g(h) = h**3 + 8*h**2 + 13*h + 1. What is g(t)?
-5
Suppose 192*c - 146*c - 276 = 0. Let p(i) = -i**3 + 6*i**2 - i + 4. Determine p(c).
-2
Let x(n) = 347*n + 5. Let u(b) = 139*b + 1. Let g(s) = 5*u(s) - 2*x(s). Let t be -2 + (1 + 0)*2. What is g(t)?
-5
Let j(c) be the first derivative of c**4/4 - c**3/3 - 2*c**2 + c + 3171. Calculate j(-2).
-3
Let o be ((-10)/(-4))/(65/(-130)) - (3 + -10). Let t(d) be the second derivative of 0 - 5*d + 3/2*d**o - 4/3*d**3. Give t(3).
-21
Let g be ((-14)/4)/(9/54). Let l be (1*g/14)/(6/4). Let h(s) = 18*s + 1. Calculate h(l).
-17
Let v(b) = -960*b - b**3 + 317*b - 6*b**2 + 6 + 326*b - 10 + 321*b. Calculate v(-6).
-28
Let h(q) = -42428*q + 42392*q - 4 - 3*q**2 - 8. Calculate h(-12).
-12
Let q(p) = 3*p - 6. Let d = 58 - -43. Let w = 98 - d. Calculate q(w).
-15
Let o be 24 + (-45)/(-10)*(-6)/(-9). Suppose 0 = -16*u + 5 + o. Let p(x) = -7*x**2 - x + 1. Give p(u).
-29
Let o(g) be the first derivative of g**3/3 - 17*g**2/2 + 7*g - 133. Let q be o(16). Let p(x) = -x**2 - 10*x + 13. Determine p(q).
22
Let q(u) = -u**2 - 3*u - 6. Let y be 1 + ((-20)/5 - 26). Let f(k) = 5*k + 140. Let a be f(y). What is q(a)?
-16
Let o(x) be the third derivative of x**5/30 - x**4/24 - 5*x**3/6 - 2*x**2 + 110*x. Determine o(-2).
5
Let i(t) = -43*t + 5 + 62*t - 12*t + t**2 - 14*t. Suppose -5*g + 1 = -24. Determine i(g).
-5
Let k(t) = 34*t + 188. Suppose 28*z + 175 = 45*z - 52*z. Calculate k(z).
18
Suppose 0 = -22*k + 46*k - 96. Let f(j) = -20*j**2 - k*j - 5 + 21*j**2 + 12*j. Give f(-8).
-5
Suppose 47 = 35*b - 198. Let l = -3 - -6. Let t(m) = 2*m - 4 - m + l*m + 0. Give t(b).
24
Let v(s) = 7*s**2 - 39*s - 31. Let l(g) = -6*g**2 + 38*g + 21. Let y(k) = 6*l(k) + 5*v(k). Calculate y(32).
3
Let p(k) = 78*k - 105 + 8 - 13*k - 38. Determine p(2).
-5
Let t = 5701/12 - 475. Let v(q) be the second derivative of t*q**4 + 0 + 9*q + 1/2*q**3 + 0*q**2. Give v(-3).
0
Let c be 43 - 24 - 6/(-1). Let j(x) = -7*x + 3*x + c + 6*x - 30. Determine j(4).
3
Let r = 12 + -10. Let u(f) = -2 + 89*f**2 + 87*f**r + f - 175*f**2. Give u(-5).
18
Let i be -1 + -7 + 21 + (-120)/8. Let p(k) = -12*k - 31. Calculate p(i).
-7
Let s(q) = q**2 + 21*q - 41. Suppose m = 31*m - 10*m + 420. Give s(m).
-41
Let z(r) = -11*r + 10*r + 20590*r**2 - 20608*r**2 - r**3 + 2*r**3 + 12. What is z(18)?
-6
Let g(z) = -z**2 - 3*z + 1. Suppose -5*w - 3*k = 595, 0 = -5*w - 4*k - 0*k - 590. Let y be 0 + w/(-42) + 42/441. Calculate g(y).
-17
Suppose -4*i - 21 = j, -4*i = -3*j + 7 + 26. Let x(n) = 2*n**2 + 17*n + 41. Determine x(i).
11
Suppose -5640*c + 7229 = -26611. Let w(y) = 0*y**3 + 3 - 10*y**2 + y**3 + 4*y**2. Calculate w(c).
3
Let m(u) = -14*u**2 + 18 + 43*u + 9*u**2 + 3*u**2 + 13*u**2. Let j(x) = -4*x**2 - 15*x - 6. Let k(v) = 8*j(v) + 3*m(v). Calculate k(-9).
6
Suppose n + 28 = -5*l - 0*n, 4*l + 4*n = -16. Let o(u) = u**2 - u. Let d(f) = f**3 - 5*f + 1. Let m(s) = l*o(s) + d(s). Determine m(6).
7
Let o be (-448)/(-72) - 2/9. Suppose 2*r - 40 = o*r. Let c(v) = 8*v + v**2 + v - 2 + 2*v + 10. Give c(r).
-2
Let z(f) = -7*f + 1. Let b be z(1). Let o = -5997 - -11991. Let m(x) = x**3 + 6*x**2 + 0*x**3 - 2997*x - 4 + o*x - 2996*x. What is m(b)?
-10
Let l(g) = -43*g**2 - 3*g + 2. Let f(q) = 32*q**2 + 4*q - 3. Let u(o) = -2*f(o) - 3*l(o). Determine u(1).
66
Let b be (1760/(-24))/(-22)*(-18)/(-10). Let l(z) be the first derivative of -b + 2*z**2 + 5*z + 1/3*z**3. Give l(-4).
5
Let f(o) = -o**3 - 11*o**2 - 8*o + 26. Suppose -23*i = -40 + 270. Calculate f(i).
6
Suppose 7*t - 973 = -1029. Let o be t/(-3)*(-27)/18. Let k(r) be the third derivative of -7*r**4/24 - 2*r**3/3 + r**2. Calculate k(o).
24
Let w(x) be the third derivative of x**5/60 + 5*x**4/6 + 23*x**3/3 + 57*x**2 - 1. Calculate w(-17).
-5
Let n(z) be the first derivative of z**4/4 + z**3/3 + z**2 + 10*z + 423. Calculate n(-3).
-14
Let v(q) be the third derivative of -q**6/120 + q**5/10 + q**4/24 - q**3/2 - 3*q**2. Let s = 47282 - 47276. What is v(s)?
3
Let l(t) be the third derivative of -t**5/20 + t**4 - 14*t**3/3 + 4845*t**2 - 2*t. Determine l(6).
8
Let w(t) = -t**2 + 8*t - 7. Suppose -221*x + 224*x = 198. Let z = x + -60. Give w(z).
5
Let l(n) be the third derivative of n**6/120 + 7*n**3/3 + 1166*n**2 + 6. Determine l(-3).
-13
Let a(w) = w. Let n(b) = b**2 - 10*b - 9. Let c be n(11). Let z be 8/c + -5 + 1. Suppose z = -g - 4*g + 15. What is a(g)?
3
Let h(k) = -24*k**3 + 33*k**2 + 16*k - 93. Let u(z) = 17*z**3 - 22*z**2 - 11*z + 62. Let a(n) = -5*h(n) - 7*u(n). Determine a(11).
-2
Let w be 14 + (8/10)/(-9*22/1485). Let y(t) be the third derivative of 0 - 7/24*t**4 + 1/60*t**5 + 0*t - 5/3*t**3 - t**2. Calculate y(w).
-2
Let v(h) = 36*h - 5. Let t(c) = -107*c + 4. Let k(p) = t(p) + 3*v(p). Determine k(20).
9
Let i(j) = -5 - 7*j**2 - 3*j**2 + 1 - j**3 - 10*j. Let w = 94754 + -94763. Calculate i(w).
5
Let c(a) = -3*a - 49. Let p be 74/(-4) - (-7)/(98/35). Calculate c(p).
-1
Let z(r) = -2*r**2 + r - 51. Let k(w) = -5*w**2 + 3*w - 138. Let j(q) = -3*k(q) + 8*z(q). Let p(c) = -c - 14. Let n be p(-14). Determine j(n).
6
Suppose 0 = -6*u + 2*u - 52. Let c(f) = 8*f - f - 15399 - 6*f + 7707 + 0*f + 7703. What is c(u)?
-2
Let a(v) = v